se -3*a - 16 = -4. Let w(k) = k + 3. Let g be w(a). List the prime factors of 2/(g - 1)*-6.
2, 3
Suppose 5*l + 5 = 0, -5*l = 2*m - l - 14. Suppose m + 27 = 4*z. List the prime factors of z.
3
Let k = -638 + 1007. List the prime factors of k.
3, 41
Let p be (-9 - 0 - -1) + -2. Let q be (-135)/p*(1 + -5). What are the prime factors of ((-6)/(-9))/((-4)/q)?
3
Let h be (-2)/(1*(-4)/6). Suppose -3 = q, 3*q = -h*v + 106 - 28. What are the prime factors of v?
29
List the prime factors of (-2415)/7*(0 + -3 + 2).
3, 5, 23
Let y(q) = q - 3. Suppose -2*w + 32 = -5*f, 5*f - 4*f = w - 10. What are the prime factors of y(w)?
3
Let u(g) = 4*g**2 - 2*g + 18. List the prime factors of u(-8).
2, 5, 29
Let g = 5 + -13. Let o(f) = f**3 + 7*f**2 - 9*f + 1. Let x be o(g). Suppose -x = -5*p + 46. List the prime factors of p.
11
Let p(m) = -1. Let q(b) = b**2 - 8*b - 19. Let w(l) = -5*p(l) + q(l). What are the prime factors of w(11)?
19
Let h(y) = y - 1. Let k = 12 + -5. Let i be h(k). Let m = i + -1. List the prime factors of m.
5
Let a be (28/(-10))/((-2)/(-10)). Suppose 0 = 4*y, 0*r + 4*y = 3*r - 69. Let m = r + a. List the prime factors of m.
3
Let w(r) = -4 - 2*r**3 - r**2 + 4*r**3 - r - r**3. Suppose 5 + 4 = 3*q. What are the prime factors of w(q)?
11
Suppose -3*r + 10 = 2*r. Suppose -r*x + 11 = -5*m, 2*x + 2*x - 3*m = 29. What are the prime factors of x?
2
Let q(m) = 4*m**2. Let g be q(-1). Suppose 66 - 10 = g*z. List the prime factors of z.
2, 7
Let h(p) = 7*p - 2. Let i(y) be the first derivative of -15*y**2/2 + 4*y + 2. Let z(s) = -13*h(s) - 6*i(s). What are the prime factors of z(-3)?
5
Let g(l) = l**3 + 11*l**2 + l - 1. What are the prime factors of g(-8)?
3, 61
Let f = -3 + 4. Let d be 4 - -2 - (-1 - f). List the prime factors of 2*d*3/6.
2
Suppose -5*w = -w - 12. Suppose -p + w*p + 4 = 0. Let u(m) = 2*m**2. List the prime factors of u(p).
2
Suppose 0*q + 5*q + 4*l = 201, 3*l - 86 = -2*q. What are the prime factors of q?
37
Suppose -537 - 207 = -6*z. List the prime factors of z.
2, 31
Let o(h) = h**2 - h - 2. Suppose -4*c - 4*g + 23 = c, c + 3*g - 9 = 0. Let l be o(c). Suppose l*n = 60 - 8. List the prime factors of n.
13
Let c(d) = d - 6. Let r be c(10). Suppose 9 = r*k - k. List the prime factors of k.
3
Let r = -3 + 6. Suppose 2*c = -r*c + 50. Let k = -6 + c. List the prime factors of k.
2
Let v(f) = 2*f + 6. What are the prime factors of v(0)?
2, 3
Suppose 0 = -4*s + 2*b + 36, 2*s - 2*b - 13 - 1 = 0. List the prime factors of s.
11
Let u(v) = 3*v - 3. Let k = 3 - -3. Let l be u(k). Suppose -l = 3*b - 78. What are the prime factors of b?
3, 7
Let m = 19 - 7. Suppose 0*z + m = z. List the prime factors of z.
2, 3
Let t = 25 + -42. Let l = 46 + t. What are the prime factors of l?
29
Let u be (-60)/10*2/(-4). List the prime factors of 18*-2*u/(-4).
3
List the prime factors of (-28)/42*(-306)/4.
3, 17
Let y be (2/(-5) - 0)*15. Let g be (y/4)/((-3)/4). Suppose 6 = -g*t + 3*t. What are the prime factors of t?
2, 3
Let i = 106 - 71. What are the prime factors of i?
5, 7
Let l = 6 - 2. Suppose -l*y + 17 = -3. What are the prime factors of y?
5
Let o = -3 - -6. Suppose 39 = -0*p + o*p. List the prime factors of p.
13
Suppose 4*v + p - 123 = -51, -p = v - 18. Suppose t + 2*t - v = 0. List the prime factors of t.
2, 3
Let l(p) = 37*p**2 - 4*p - 3. Let z(n) = 147*n**2 - 17*n - 13. Let s(r) = 9*l(r) - 2*z(r). What are the prime factors of s(-1)?
2, 5
Suppose -s - 40 = -0*s + 4*a, 4*s + 120 = 4*a. Suppose 2*z + 26 = -4*c, -3*z = z + c + 80. Let l = z - s. What are the prime factors of l?
11
Let k = -69 + 149. What are the prime factors of k?
2, 5
List the prime factors of 5 + 25 - (-1 + -2).
3, 11
Suppose 2*w - 47 = w. List the prime factors of w.
47
What are the prime factors of 300 - (-2 + 3 - -3)?
2, 37
Let c(a) = -6*a. Let q(b) = -5*b + 1. Let r(m) = -4*c(m) + 5*q(m). Let s be r(-5). Let i = s - 1. What are the prime factors of i?
3
Suppose -10 = -7*o + 4. Let a = 33 - 0. Suppose o*f + f = a. What are the prime factors of f?
11
Suppose 6*p - 383 = -4*u + 3*p, p = -u + 97. List the prime factors of u.
2, 23
Let x be (-1 - -14) + 1 + 0. Let o = 29 - x. What are the prime factors of o?
3, 5
Let r be 2/6*0 - -10. List the prime factors of r/(-45) - (-166)/18.
3
Let o(g) = g + 1. Let p(f) = 7*f + 10. Let x(j) = -6*o(j) + p(j). Suppose -3*c = -c. List the prime factors of x(c).
2
Suppose -3*i + 2 + 1 = -3*q, -4*q - 28 = 4*i. Let k = 2 + i. List the prime factors of 3/(5 - 2) - k.
2
Suppose -6*f + 131 = -5*f. List the prime factors of f.
131
Let i = -4 + 12. Let o be 99/12 - 2/i. Let u = o + -4. List the prime factors of u.
2
Suppose 5 = 5*o - 3*c, 2*c - 4 = -o - 3*o. Let x be ((0/2)/3)/o. Suppose a - 14 = -x*a. What are the prime factors of a?
2, 7
Suppose 0*g = -5*g + 40. List the prime factors of 4/(-16) - (-18)/g.
2
Let a = -4 + -1. Let r = a + 10. Let t(k) = k**2 - k - 1. List the prime factors of t(r).
19
Let d be (-3)/(-1) - -1*2. Let q = d - -10. List the prime factors of (1 + q)*(-4)/(-8).
2
Let t = -10 + 19. List the prime factors of 9/(-1)*(-2)/t.
2
Suppose 0 = -5*m - 0*x + 3*x + 25, 2*m - 6 = 2*x. Suppose -14*u + 11*u + 60 = 0. Let q = u - m. What are the prime factors of q?
2, 3
Suppose 0 = 2*i - 4*c - 2, -5*i - 3*c = -31. Suppose 3*r = -i*l + 31, -5*l + 30 - 5 = 0. List the prime factors of r - -6*(-10)/(-4).
17
Suppose -3*h - 4*o + 140 = 0, 0*o + 16 = -4*o. What are the prime factors of h?
2, 13
What are the prime factors of (-1 + 1640/(-24))*(-15)/4?
2, 5, 13
Let m = 13 - 9. Suppose -m*p + 10 = -2*p. Let f = p - -2. List the prime factors of f.
7
Let z(b) be the first derivative of 1/3*b**3 + 1 + 12*b - 1/2*b**2. List the prime factors of z(0).
2, 3
Suppose 3*j + 11 = 35. List the prime factors of (j/1)/((-2)/(-5)).
2, 5
Suppose -2*p = -7 + 3. List the prime factors of p.
2
Suppose 3*l = -6, -2*z - l = -0*z - 22. List the prime factors of z.
2, 3
Suppose -3*v - 3 = -n - n, 2*v = n - 1. Suppose x = 4*x - 4*y - 88, -5*y = n*x - 133. List the prime factors of 2/8 + 783/x.
2, 11
Let r be 1 - (1 + (-1)/1). Let u = r + 4. What are the prime factors of u?
5
Suppose 0 = -3*q - 4 + 7. Let i(b) = 7*b - 19. Let j be i(3). Suppose s = j, 4*f - 3*s - q = 1. List the prime factors of f.
2
Let y be 2/4 - (-3)/2. Suppose 3*l - 11 = -y*z, -4*z + 2*l + 24 = 6*l. List the prime factors of z.
7
Let f(c) = -16*c**3 + c**2. What are the prime factors of f(-1)?
17
Let d(i) = -71*i - 1. Let q be d(-1). Suppose -q = -4*v - v. List the prime factors of v.
2, 7
Suppose 3*l + 351 = 4*v, -3*l - 2*l = 5. What are the prime factors of v?
3, 29
Suppose -2*m = 5*x - 118, -3*x - 3*m + 62 = -4*m. Let h = x - 14. What are the prime factors of h?
2
List the prime factors of (-356)/(-6) + (-9)/27.
59
Let n = 22 + -17. Suppose 5*x = -4*p + 91 + 81, 194 = n*p + x. List the prime factors of p.
2, 19
Suppose 4*a = 2*p + 126, -p + 70 - 1 = 2*a. What are the prime factors of a?
3, 11
Let m = 2 - 2. Let x = 4 - m. Let n = 9 - x. List the prime factors of n.
5
Suppose 0 = -2*u + 4 - 0. Suppose u + 40 = 2*n. List the prime factors of n.
3, 7
Suppose -5*v - 18 = -48. Let h = -10 + 7. Let p = v + h. List the prime factors of p.
3
Suppose -l - 5 = 0, 5*h - l + 87 = 9*h. List the prime factors of h.
23
Suppose 4*y - 225 = 111. List the prime factors of y.
2, 3, 7
Let y = 14 + -14. Suppose y*g = 2*g - 8. What are the prime factors of g?
2
Let o = 3 + -3. Suppose 5*z + 50 + 12 = 3*i, -2*z - 2 = o. Suppose 5*f = 11 + i. List the prime factors of f.
2, 3
What are the prime factors of 4/(-10) - 420/(-50)?
2
Let u(w) = 4*w**2 + w - 5. Let h be u(-4). Suppose -19 = 4*s - h. What are the prime factors of s?
3
Let y(t) = -t**3 + 7*t**2 + 2*t - 5. What are the prime factors of y(6)?
43
Suppose -9*l + 5*l + 84 = 0. Suppose 2*q - 21 = l. Let t = q + -5. What are the prime factors of t?
2
List the prime factors of 726/15 - 8/20.
2, 3
Let s be (24/20)/(4/(-10)). List the prime factors of 2/(s + 75/24).
2
Suppose 0 = 3*h + 2*h - 20. List the prime factors of 2/h*-4 + 12.
2, 5
Suppose 0 = 3*k - 0*k. Suppose -n + 5 + 8 = k. List the prime factors of n/(0 - 1/(-1)).
13
Let k(y) = y**2 - 2*y - 4. Let t be (-134)/(-26) - (-2)/(-13). What are the prime factors of k(t)?
11
Let b = 859 + -515. List the prime factors of 